w**2 - 7*w - 10. What is the remainder when 29 is divided by y(h)?
5
Let b be (42/(-9))/2*-6. Suppose b + 16 = 5*i. Suppose 2*t = 9 - 1. Calculate the remainder when i is divided by t.
2
Let n(y) = 4*y - 5. What is the remainder when n(4) is divided by 4?
3
Let t = 8 + -5. Suppose -5 + 3 = 2*q, -4*n - 3*q + 1 = 0. What is the remainder when (t - 1 - 1)/n is divided by 1?
0
Suppose 1 + 5 = 3*f. Suppose 0 = f*b - 0 - 6. Suppose b*x - 5 = 2*x. Calculate the remainder when 8 is divided by x.
3
Suppose -a - 26 = -3*a. Calculate the remainder when 36 is divided by a.
10
Suppose -b + 2 = -0*b. Let c(a) = 3*a**3 - 2*a**2 + 2*a - 3. Let f = 23 - -10. Calculate the remainder when f is divided by c(b).
16
Let g(x) = -3*x + 88. Calculate the remainder when 38 is divided by g(25).
12
Suppose -3*w + i - 2 = -w, -2*w - 5*i + 10 = 0. Suppose -4*z = -5*a + 4 + 106, -a + z + 21 = w. What is the remainder when a is divided by 9?
8
What is the remainder when 2/((-16)/(-450)) + 1/(-4) is divided by 20?
16
Suppose -5*c + 2 = -188. Let f(k) = -4*k + 1. Let g be f(2). Let t = 17 + g. What is the remainder when c is divided by t?
8
Let k(l) be the first derivative of 13/3*l**3 + 0*l + 1/2*l**2 - 3. Calculate the remainder when 22 is divided by k(-1).
10
Let s = -7 + 12. Let m = s + -5. Let i = 4 + m. Calculate the remainder when i is divided by 2.
0
Suppose 0 = o + 5, -4*o = 3*l - 3*o - 7. Let a = -2 + l. Calculate the remainder when (a + 6/(-4))*134 is divided by 23.
21
Let y(w) = -w**2 - 6*w. Let i be y(-6). Calculate the remainder when 44 is divided by (i - 3) + 18/1.
14
Let v = -4 + 8. Suppose 3*n - 2*j = -j - 3, -4*n = j - 3. What is the remainder when v is divided by 1/(3/9 - n)?
1
Let m(b) = -b**3 + 6*b**2 - 3*b - 3. Let i be m(4). Suppose 32 = t - 2*r, 4*r - 1 = -i. What is the remainder when t is divided by 14?
10
Let i(p) = p**3 - 11*p**2 - 8*p - 16. What is the remainder when i(12) is divided by 5?
2
Let j be (-1 - (-46)/4)*6. Suppose -5*o = -j - 47. Calculate the remainder when o is divided by 8.
6
Suppose 5*u + 1 - 9 = 3*p, 2*u - 24 = -4*p. Suppose -u*h - 2 = 3*s, 3*h - 7*h = s - 10. Let q = s + 8. Calculate the remainder when 3 is divided by q.
1
Let z = 3 + -8. Let j(l) = -l**2 - 6*l. Let o be j(z). Suppose -5*t + 200 = o*m, 3*t - 5*m + m - 134 = 0. What is the remainder when t is divided by 11?
9
Let s be 30/(-6)*(-4)/10. Calculate the remainder when 1/5 + (-184)/(-5) is divided by s/(-4)*13*-2.
11
Suppose 2*l - 26 = -4*a, -3*a + 33 = 2*l - 6*a. Calculate the remainder when 74 is divided by l.
14
What is the remainder when 15 is divided by (24/(-32))/(2/(-24))?
6
Let u(f) = -f**3 - 6*f**2 + f + 4. Calculate the remainder when u(-7) is divided by (3 - 2) + 1 - -22.
22
What is the remainder when (-30)/9*24/(-5) is divided by 3?
1
Calculate the remainder when (0 + 53)/((-3)/(-3)) is divided by 28.
25
Suppose -3*w + 6*w + 3*t - 504 = 0, 5*t = 2*w - 336. What is the remainder when w is divided by 34?
32
Calculate the remainder when 34 is divided by (63/105)/(1/20).
10
Suppose -2*y = -0*y - 6. Suppose 5*x = -2*s + 85, 5*x - 91 + 21 = s. Calculate the remainder when 59*y*(-4)/(-12) is divided by x.
14
Let z = 10 + -13. Let u = 28 + z. Suppose -5*w + v + 68 = 0, -2*w - 2*v + 3*v + 29 = 0. Calculate the remainder when u is divided by w.
12
Let j(f) = 0 + f - 1 - f**3 + 21*f**3. What is the remainder when j(1) is divided by 7?
6
Suppose 0 = -4*d + 46 + 58. What is the remainder when d is divided by 9?
8
Suppose -5*h + 15 = -0*h. Let n = 7 - 5. Suppose -n*o + c = -7, -4*o - 2*c - 7 = -o. Calculate the remainder when h is divided by o.
0
Let g(p) = 10*p**2 + 3*p + 3. Suppose 0 = 3*u + 6. What is the remainder when g(u) is divided by 19*(-2)/4*-2?
18
Suppose -r = m - 26, -4*r + 102 = m + 10. Suppose -2*d + 0 = -6. Suppose 117 + 12 = d*y. What is the remainder when y is divided by r?
21
Suppose 0 = 2*t + 2*h - 20, -4*t + h + 22 - 2 = 0. Suppose 0 = 3*u, 4*x - t = -u + 22. Calculate the remainder when 13 is divided by x.
6
What is the remainder when (4/6 + -1)/((-2)/78) is divided by 7?
6
Let w(p) = -p**2 + 22*p - 40. Calculate the remainder when 83 is divided by w(19).
15
Suppose -s + 260 = -6*s. Let c = s - -85. Calculate the remainder when c is divided by 9.
6
Suppose -j + 252 = 4*l, 4*j - 315 = -5*l + 2*j. Suppose 3*v - 49 = 4*x, -3*v + l = 2*v - 2*x. Calculate the remainder when 21 is divided by v.
10
Let k = -2 - -4. Let x(y) = 8*y + 1. Let h = 6 - -26. What is the remainder when h is divided by x(k)?
15
Suppose 4*q - 83 = -5*d, 6*q = 2*q + 4*d + 128. What is the remainder when 51 is divided by q?
24
Let g = -5 + 24. What is the remainder when g is divided by 7?
5
Let x be (10 + -1 + 1)/1. Let m be (-6 - -5)/(2/x). Calculate the remainder when 43 is divided by (m - -3)*(-30)/4.
13
Let r = 3 + -4. What is the remainder when (7 - 32)*r*1 is divided by 7?
4
Let n(d) = d**2 + 12*d + 12. Let m be n(-10). What is the remainder when 24 is divided by m/(-44) + (-282)/(-22)?
11
Suppose -2*x + 19 - 1 = 0. What is the remainder when 25 is divided by x?
7
Suppose -w = -3*w - 2. What is the remainder when (w + -2 - -35) + -2 is divided by 8?
6
What is the remainder when 30 is divided by ((-24)/16)/((-2)/24)?
12
Let b(a) = 1 - 7 + a**2 + 2 + a. Calculate the remainder when b(4) is divided by 9.
7
Let c(x) = -x**3 + 17*x**2 - 23*x + 18. What is the remainder when c(15) is divided by 14?
11
Suppose 14 = c - 5*d - 8, 4*c + 5*d - 113 = 0. Let o = 289 - 184. Calculate the remainder when o is divided by c.
24
Let f be (-3 - -3) + (1 - -147). Let h = f + -49. Suppose 0 = -4*t + h - 11. What is the remainder when 42 is divided by t?
20
Suppose 4*b - 47 - 5 = 0. Suppose 30 = 5*n - 90. What is the remainder when n is divided by b?
11
Let d(m) = -m**3 - m. Let u be d(2). Let n(w) = w - 3*w - 15 - w. Calculate the remainder when 44 is divided by n(u).
14
Suppose 4*y - 22 = 2*p, -p - 96 = 3*p + 5*y. Let d = p + 48. What is the remainder when d is divided by 3/((-68)/40 + 2)?
9
Suppose -6 + 16 = 2*w. Suppose 0 = -w*r + 15, i - 35 = 2*i + 3*r. Let l = 79 + i. Calculate the remainder when l is divided by 12.
11
Suppose t + 2*t + 2*a = 114, 0 = 5*t - a - 190. Calculate the remainder when t is divided by 14.
10
Let t be 1/(-5) - (-6)/5. Calculate the remainder when 3 + (t + 5)/3 is divided by 4.
1
Let h(j) = -1 + 6*j + 2*j**2 - 2 + 11 - 3*j**2. Calculate the remainder when 13 is divided by h(6).
5
Let i be 2/3 - (-4)/12. Let b = i - -7. What is the remainder when 23 is divided by b?
7
Let t(a) = 2*a - 6. Suppose h = -4*d + 11 + 6, 3*d - h = 18. Calculate the remainder when 5 is divided by t(d).
1
Suppose 2*z = 4*h - 142, -4*h + 0*z = -z - 143. Suppose -41 = -5*m - 2*i, 5*m - h + 4 = i. Calculate the remainder when 26 is divided by m.
5
Suppose -9*p = -603 - 369. What is the remainder when p is divided by 37?
34
Let d be (-4)/(-12) - 22/(-6). Suppose 0 = d*a - 195 - 33. What is the remainder when a is divided by 15?
12
Suppose -5*k + 9*k = 0. Let j = k - 0. Suppose -2*w + 3 + 3 = j. Calculate the remainder when 4 is divided by w.
1
Let l(a) = -4*a + 59. Let g(f) = f**2 + f + 44. Calculate the remainder when g(0) is divided by l(11).
14
Let a(x) = x**2 - x + 10. Let y(m) = -m**2 + 6*m + 10. Calculate the remainder when a(0) is divided by y(7).
1
Let m = 7 - 8. Let q(c) = -9*c**3 - 2*c - 1. Let i be q(m). Let y = i - 6. What is the remainder when 13 is divided by y?
1
Suppose 0 = c - 2*c + 4*y + 18, 5*c - 90 = -y. What is the remainder when 35 is divided by c?
17
Let f(t) = t**2 - 2*t + 2. Let a be f(2). Suppose -3*j - 3*l + 152 = l, -j + 50 = a*l. Suppose 6*w - j = 4*w. Calculate the remainder when w is divided by 14.
12
Suppose 3*b + 19 = 3*n + 7, 4*n + 5*b - 16 = 0. Suppose -4*a = -n, 5*x - 75 + 26 = -4*a. Calculate the remainder when x is divided by 3.
0
Suppose 3*j + 42 = -4*y, 0*j + 3*j + 15 = -y. Let r = 35 + y. What is the remainder when r is divided by (-29)/(-2) + 4/(-8)?
12
Suppose -3*w - i + 95 = 0, 0*w - 60 = -2*w + i. What is the remainder when w is divided by 17?
14
Suppose -2*t + 6 = -0. Calculate the remainder when t is divided by (-8)/6*(-3)/2.
1
Let v(d) = 7*d + 7. Calculate the remainder when v(4) is divided by 18.
17
Calculate the remainder when ((-1)/(-2))/((-3)/(-102)